mainder when z is divided by j?
28
Suppose 904 = -0*n + 4*n. What is the remainder when n is divided by (-8320)/(-140) - 3*3/21?
49
Let w = 3030 - 2168. Calculate the remainder when w is divided by 30.
22
Let a = -2 - -16. Let g be (-2)/(-9) + 804/27. Suppose 9*q = 3*q + g. What is the remainder when a is divided by q?
4
Suppose -3*q = -3*p + 141, 2*p = -20*q + 21*q + 94. Calculate the remainder when 156 is divided by p.
15
Suppose -10*x + 35 = -365. Suppose -28*k + 18*k + x = 0. Calculate the remainder when 8 is divided by k.
0
Suppose 70*f + 47998 = 303*f. Calculate the remainder when 768 is divided by f.
150
Let j = 56 + -49. Suppose 0 = -5*q - 0*q - 205. Let v = q + 72. What is the remainder when v is divided by j?
3
Suppose -2*h = -2*c - 252 - 720, -4*h = 3*c - 1944. What is the remainder when h is divided by 54?
0
Let z = -5 + 6. Let x(g) = -143*g. Let f be x(z). Let u = -125 - f. Calculate the remainder when u is divided by 5.
3
Let b(h) = -h**3 - 9*h**2 - 16*h - 82. Calculate the remainder when 234 is divided by b(-9).
48
Let m = -6 + 42. Let b(x) = 8*x - 17. Let t be b(3). Suppose -t*a - 14*a = -3759. Calculate the remainder when a is divided by m.
35
Suppose -5*h + 18 = 3. Let k be (6 - (9 - 15)) + 2. Suppose -h*r + 28 = -k. What is the remainder when 96 is divided by r?
12
Let y = 11132 + -10705. Calculate the remainder when y is divided by 9.
4
Let p(z) = -461*z - 5397. What is the remainder when 220 is divided by p(-12)?
85
Let j(c) = 30*c**2 - 94*c - 188. What is the remainder when 718 is divided by j(-2)?
118
Let l be 9 + (-1)/(6/(-3564)). Let x = l + -594. Calculate the remainder when 173 is divided by x.
2
Calculate the remainder when 77561/726 - (-5)/(-6) is divided by 78.
28
Let g = -10993 - -11039. Calculate the remainder when 229*(1*-3)/(-3) is divided by g.
45
Let b be -8 - ((-2 - 0) + -2). Let q be 23 + 2/b*6. Calculate the remainder when 8 is divided by (q/25)/((-4)/(-30)).
2
Let g = -343 + 345. Suppose -g*n = -5*c + 347, 11*c - 4*n = 10*c + 73. Calculate the remainder when c is divided by 26.
17
Let d(y) = -2*y - 4. Let p be d(-3). Suppose 0 = p*h + 2*h - 140. Calculate the remainder when 65 - (-20)/(-15)*39/(-26) is divided by h.
32
Let q be 44 - (10 - (-5)/(-1)). Let c = 67 - -4. What is the remainder when c is divided by (q/(-52))/(2/(-32))?
11
Let h(s) = -48*s - 1. Suppose 16*q - 86 = -6. Suppose -4*u = q*t - 97, 5*u - 100 = -4*t - t. Calculate the remainder when h(-1) is divided by t.
13
Suppose 1046 = 2*h - 5*i, 3*i = 3*h - 1133 - 418. Let k = h - 487. Calculate the remainder when 114 is divided by k.
10
Suppose -45*b + 37*b - 39*b = -611. Suppose -5*q + 7 = -218. Let s = -14 + q. Calculate the remainder when s is divided by b.
5
Let j(f) = -441*f + 2058. Calculate the remainder when j(4) is divided by 18.
6
Suppose 4*u - x = 5*u - 460, -3*u + 5*x = -1380. Calculate the remainder when -1 - ((-18)/3 - 0) is divided by ((-2)/16*2)/((-23)/u).
0
Suppose 0 = 5*r - 16 - 44. Let m(l) = -2*l**2 - 82*l - 509. Calculate the remainder when m(-33) is divided by r.
7
Suppose -4*t + 822 = -9*z, 0 = 23*t - 28*t - 3*z + 999. Calculate the remainder when 5823 is divided by t.
195
Suppose -34*v = -39*v + 90. Let h = -18 + v. Suppose 2*r - 32 = -4*j - h*j, 3*j - 34 = r. Calculate the remainder when j is divided by 9.
1
Suppose 11*j + 5 = 71. Let w(t) = 6*t - 9. Let z(h) = 3*h**3 + 3*h**2 - h + 2. What is the remainder when z(3) is divided by w(j)?
26
Let i(m) = -m**2 + 0*m**2 + 33*m - 11 - 15*m**2 - 3 + m**3. Calculate the remainder when 63 is divided by i(14).
7
Let u = 3479 + -3420. What is the remainder when 466 is divided by u?
53
Suppose -8*d - 5*x = -83056, 1548*d - 1545*d - 31146 = 5*x. What is the remainder when d is divided by 22?
20
Suppose 3 = 2*y - 13. Suppose 4*t + 5*l = -0*l + 1792, -l = -4. Let w = 464 - t. What is the remainder when w is divided by y?
5
Suppose 2*x = -4*o + 320, -136 = -4*o - 5*x + 196. What is the remainder when 633 is divided by o?
9
Let b(x) = 3*x**2 - 6*x - 6. Let k be b(-4). Suppose -11*l + 6*l + k = 4*r, 0 = 4*r - 16. Calculate the remainder when 108 is divided by l.
8
Let z(t) = -193*t**3 + 40*t**2 - t - 2. Calculate the remainder when z(-2) is divided by 284.
0
Let w = -14401 + 14414. Let j = 0 + 4. Calculate the remainder when w is divided by j.
1
Let r(d) = d**3 - 44*d**2 - 1658*d + 9. What is the remainder when r(-24) is divided by 127?
125
Suppose -49*t = -51*t + 3*v + 330, 12*t = 4*v + 1868. What is the remainder when 25549 is divided by t?
151
Let b = -13520 + 13539. Calculate the remainder when 3362 is divided by b.
18
Suppose -190*d + 124*d - 161*d = -57885. Calculate the remainder when d is divided by 176.
79
Suppose 0 = 10*n - 13*n + 15. Suppose 2*s - 92 = -2*z + s, 230 = 5*z - n*s. Calculate the remainder when 72 is divided by -12*(z/(-16) + 3)*-10.
12
Let z(j) = j**3 - j**2 - 7*j - 9. Let m be (-8)/3*6*5/(-20). Let b be z(m). Suppose -22*x + 23*x = b. Calculate the remainder when 28 is divided by x.
6
Let l be 1 + (-11 - (1 + -8)). Calculate the remainder when 31 is divided by (-10 - (1 + -3))/(2/l).
7
Suppose 0 = -10*y + 250 - 0. Calculate the remainder when 2135 is divided by y.
10
Suppose 6*z + 19*z + 20*z - 8820 = 0. Calculate the remainder when z is divided by 45.
16
Let t(s) = -140*s - 546. Let i = -3 + 10. What is the remainder when (-12)/42 - (-373)/i is divided by t(-4)?
11
Let y = 10669 - 10652. What is the remainder when y is divided by 8 + -4 + (4 - 0)?
1
Suppose a = 2 - 0. Suppose -p = -5*d + 139, -a*d + p = -5*d + 85. Suppose -d*r = -20*r - 216. Calculate the remainder when 106 is divided by r.
25
Suppose 4*b + 3*x - 23 = 0, 46*x - 12 = 4*b + 42*x. Calculate the remainder when 154 is divided by b.
0
Suppose -15*i + 10*i = -4*x + 120, x = 5*i + 15. What is the remainder when 662 is divided by x?
32
Suppose 10*q - 3356 = 5*q + 4*p, -2*p = -q + 676. Calculate the remainder when q is divided by 7.
3
Let h = -126 + 137. Suppose -4*l = -4*k + 108, 71 - h = 3*k + 4*l. What is the remainder when 92 is divided by k?
20
Suppose 120 = -0*p + 3*p. Suppose -37 + 98 = 22*o - 5. What is the remainder when p is divided by o?
1
Let z = 532 + -515. Suppose z*f - 18*f = -13. Calculate the remainder when 15 is divided by f.
2
Suppose -747*q + 20864 + 904346 = -33191. Calculate the remainder when q is divided by 99.
95
Suppose 3*v - 794 = 58. Suppose -31*a + 1557 + 127 + 114 = 0. What is the remainder when v is divided by a?
52
Let j = 20560 + -16779. What is the remainder when j is divided by 88?
85
Let z(y) = 9*y**3 - 7*y + 7 + 14*y**3 - 14*y**3. What is the remainder when 79 is divided by z(1)?
7
Let f = 9424 + -9414. What is the remainder when 465 is divided by f?
5
Suppose -o + 4*o - 222 = 0. Suppose -1199 = -114*q + 27*q + 541. Calculate the remainder when o is divided by q.
14
Let g = -252 - -938. Calculate the remainder when g is divided by 26.
10
Let l(t) be the second derivative of t**4/12 - 5*t**3/3 - 5*t**2 + 24*t. Suppose 0*y - 5*y = 35. Calculate the remainder when l(y) is divided by 16.
13
Suppose -37*n = -36*n - w - 397, 3*n + 5*w - 1143 = 0. What is the remainder when n is divided by 137?
117
Suppose 63*q = 58*q + 175. Let t = 2 + 0. Suppose 5*g + 5*i = 495, -t*g + 302 = g + 2*i. What is the remainder when g is divided by q?
34
Let i(n) = 155*n - 149*n + 16 + 55. What is the remainder when 124 is divided by i(-9)?
5
Let o(x) = 5*x - 24. Let i(h) = -26*h + 119. Let n(v) = 2*i(v) + 11*o(v). Let u be n(9). Let t = 3 - u. Calculate the remainder when t is divided by 2.
0
Let s be 6858/1016 + (-2)/(-8) + 0. Suppose 0 = 31*m - s*m - 192. Calculate the remainder when 2/4 - 340/(-8) is divided by m.
3
Suppose 0 = -475*g - 462*g + 948*g - 1111. Calculate the remainder when 387 is divided by g.
84
Let f = -3776 - -3780. Suppose -5*g + 19 = a, 5*a + 4*g + 0*g = 32. What is the remainder when a is divided by f?
0
Suppose 12*k - 3*a = 4659, 3*a + 1929 = 63*k - 58*k. Calculate the remainder when 1215 is divided by k.
45
Let z(c) = 3*c**2 + 4*c - 1. Let u = 202 - 198. What is the remainder when (-3 + -10)/(u/(-12)) is divided by z(-3)?
11
Let l be -3 + (-6)/(-5 - -4). Let x(o) = 6*o**2 - 4*o - 1. Let b be x(l). Let g = 88 - b. What is the remainder when g is divided by 24?
23
Let